39809?
0
What is the units digit of 2903731?
1
What is the ten thousands digit of 977124?
7
What is the tens digit of 4196753?
5
What is the ten thousands digit of 874904?
7
What is the tens digit of 1463367?
6
What is the units digit of 12545949?
9
What is the ten thousands digit of 96893?
9
What is the units digit of 2115242?
2
What is the tens digit of 179315?
1
What is the hundred thousands digit of 500874?
5
What is the ten thousands digit of 762781?
6
What is the tens digit of 104282?
8
What is the units digit of 1300946?
6
What is the thousands digit of 132087?
2
What is the hundred thousands digit of 4272504?
2
What is the tens digit of 877?
7
What is the thousands digit of 209870?
9
What is the millions digit of 13646656?
3
What is the thousands digit of 49916?
9
What is the ten thousands digit of 5964587?
6
What is the ten thousands digit of 2371802?
7
What is the hundreds digit of 2085345?
3
What is the hundreds digit of 241685?
6
What is the thousands digit of 1882911?
2
What is the hundred thousands digit of 232067?
2
What is the units digit of 435445?
5
What is the ten thousands digit of 683599?
8
What is the units digit of 754360?
0
What is the hundred thousands digit of 1785280?
7
What is the hundreds digit of 798872?
8
What is the units digit of 790478?
8
What is the units digit of 191619?
9
What is the hundred thousands digit of 363859?
3
What is the thousands digit of 3835979?
5
What is the thousands digit of 3056170?
6
What is the hundred thousands digit of 739992?
7
What is the hundreds digit of 965936?
9
What is the hundreds digit of 873629?
6
What is the ten millions digit of 11310332?
1
What is the units digit of 7617734?
4
What is the thousands digit of 216311?
6
What is the hundreds digit of 3391873?
8
What is the tens digit of 148151?
5
What is the tens digit of 8701828?
2
What is the hundred thousands digit of 4650413?
6
What is the thousands digit of 2752298?
2
What is the hundreds digit of 6530657?
6
What is the ten thousands digit of 77586?
7
What is the hundreds digit of 6330817?
8
What is the units digit of 265457?
7
What is the units digit of 23580208?
8
What is the hundreds digit of 24382477?
4
What is the thousands digit of 343664?
3
What is the ten thousands digit of 131355?
3
What is the hundreds digit of 2216091?
0
What is the tens digit of 2829225?
2
What is the thousands digit of 481292?
1
What is the ten thousands digit of 50415?
5
What is the thousands digit of 320816?
0
What is the hundreds digit of 6277083?
0
What is the tens digit of 16485?
8
What is the tens digit of 786459?
5
What is the millions digit of 8105437?
8
What is the hundreds digit of 5751560?
5
What is the ten thousands digit of 135455?
3
What is the thousands digit of 8032?
8
What is the units digit of 591259?
9
What is the millions digit of 2415250?
2
What is the units digit of 3412681?
1
What is the ten thousands digit of 445328?
4
What is the tens digit of 2685296?
9
What is the units digit of 12318197?
7
What is the hundreds digit of 454949?
9
What is the millions digit of 34263928?
4
What is the hundreds digit of 46515?
5
What is the ten thousands digit of 384480?
8
What is the ten thousands digit of 617971?
1
What is the hundreds digit of 85271?
2
What is the units digit of 529244?
4
What is the ten thousands digit of 766300?
6
What is the ten thousands digit of 347321?
4
What is the hundreds digit of 127634?
6
What is the hundreds digit of 813423?
4
What is the thousands digit of 10677472?
7
What is the millions digit of 10077067?
0
What is the hundred thousands digit of 1909163?
9
What is the hundreds digit of 16140880?
8
What is the hundreds digit of 55288?
2
What is the hundreds digit of 1038713?
7
What is the tens digit of 21776830?
3
What is the units digit of 12157278?
8
What is the tens digit of 6205779?
7
What is the ten thousands digit of 5515432?
1
What is the millions digit of 6135402?
6
What is the hundreds digit of 9399837?
8
What is the hundred thousands digit of 19635816?
6
What is the units digit of 1680639?
9
What is the units digit of 114613?
3
What is the units digit of 3282309?
9
What is the units digit of 34729880?
0
What is the ten thousands digit of 22215?
2
What is the thousands digit of 1405433?
5
What is the tens digit of 12053293?
9
What is the tens digit of 26041976?
7
What is the hundreds digit of 476738?
7
What is the tens digit of 7563778?
7
What is the thousands digit of 671014?
1
What is the thousands digit of 11010920?
0
What is the hundreds digit of 46306?
3
What is the hundreds digit of 1726787?
7
What is the units digit of 95404?
4
What is the hundreds digit of 1435684?
6
What is the ten thousands digit of 11643390?
4
What is the tens digit of 18261066?
6
What is the hundred thousands digit of 123672?
1
What is the ten thousands digit of 268317?
6
What is the tens digit of 1002679?
7
What is the ten thousands digit of 918473?
1
What is the units digit of 12326952?
2
What is the thousands digit of 125319?
5
What is the tens digit of 9435062?
6
What is the hundreds digit of 2554376?
3
What is the hundreds digit of 142933?
9
What is the tens digit of 8628907?
0
What is the hundred thousands digit of 399375?
3
What is the tens digit of 706589?
8
What is the hundreds digit of 674507?
5
What is the ten thousands digit of 61517?
6
What is the hundreds digit of 1238629?
6
What is the tens digit of 208939?
3
What is the tens digit of 8781027?
2
What is the hundred thousands digit of 5471897?
4
What is the thousands digit of 659375?
9
What is the thousands digit of 5265763?
5
What is the hundred thousands digit of 478542?
4
What is the units digit of 138773?
3
What is the tens digit of 5013320?
2
What is the tens digit of 104903?
0
What is the thousands digit of 1362497?
2
What is the units digit of 4158167?
7
What is the hundreds digit of 444312?
3
What is the units digit of 1083832?
2
What is the ten thousands digit of 467876?
6
What is the millions digit of 19482564?
9
What is the units digit of 292024?
4
What is the hundreds digit of 607794?
7
What is the thousands digit of 1275955?
5
What is the thousands digit of 832095?
2
What is the tens digit of 156806?
0
What is the tens digit of 58871?
7
What is the hundreds digit of 4535455?
4
What is the tens digit of 120481?
8
What is the thousands digit of 7458988?
8
What is the units digit of 206826?
6
What is the hundred thousands digit of 1953714?
9
What is the thousands digit of 700744?
0
What is the hundreds digit of 254705?
7
What is the hundred thousands digit of 3014093?
0
What is the units digit of 122395?
5
What is the thousands digit of 568559?
8
What is the hundreds digit of 62414?
4
What is the millions digit of 12357923?
2
What is the tens digit of 188793?
9
What is the ten thousands digit of 478080?
7
What is the hundred thousands digit of 965727?
9
What is the ten thousands digit of 443547?
4
What is the hundreds digit of 165314?
3
What is the hundreds digit of 2924279?
2
What is the millions digit of 3856456?
3
What is the units digit of 4158867?
7
What is the tens digit of 2014500?
0
What is the tens digit of 959505?
0
What is the hundreds digit of 153955?
9
What is the thousands digit of 32901?
2
What is the thousands digit of 314962?
4
What is the ten thousands digit of 17472274?
7
What is the hundred thousands digit of 4482780?
4
What is the tens digit of 36842005?
0
What is the hundreds digit of 291357?
3
What is the hundreds digit of 547173?
1
What is the millions digit of 15144089?
5
What is the tens digit of 558336?
3
What is the units digit of 25451516?
6
What is the tens digit of 447925?
2
What is the thousands digit of 397620?
7
What is the units digit of 340377?
7
What is the hundreds digit of 2229430?
4
What is the thousands digit of 28613187?
3
What is the ten thousands digit of 230276?
3
What is the units digit of 7515434?
4
What is the ten thousands digit of 794333?
9
What is the units digit of 7736638?
8
What is the units digit of 5696191?
1
What is the thousands digit of 25188?
5
What is the hundreds digit of 69177?
1
What is the ten thousands digit of 106515?
0
What is the ten millions digit of 12707873?
1
What is the ten thousands digit of 3674936?
7
What is the millions digit of 29356764?
9
What is the thousan